usands digit of 4417547574?
7
What is the hundred millions digit of 152890206?
1
What is the ten millions digit of 161233138?
6
What is the tens digit of 767333339?
3
What is the ten millions digit of 428866255?
2
What is the ten thousands digit of 2915010846?
1
What is the tens digit of 227413862?
6
What is the hundred thousands digit of 57036793?
0
What is the hundreds digit of 705300451?
4
What is the hundreds digit of 1765880818?
8
What is the millions digit of 2767262569?
7
What is the ten thousands digit of 484938406?
3
What is the millions digit of 291959179?
1
What is the tens digit of 3420874174?
7
What is the tens digit of 1051474844?
4
What is the hundred thousands digit of 656226102?
2
What is the hundreds digit of 479787600?
6
What is the ten thousands digit of 115580267?
8
What is the ten thousands digit of 221567744?
6
What is the hundreds digit of 2505469653?
6
What is the hundred thousands digit of 482963705?
9
What is the ten thousands digit of 69817911?
1
What is the thousands digit of 145883275?
3
What is the ten thousands digit of 54003876?
0
What is the tens digit of 23471669?
6
What is the thousands digit of 325798429?
8
What is the ten millions digit of 919141232?
1
What is the hundred thousands digit of 797530680?
5
What is the ten thousands digit of 101438153?
3
What is the ten thousands digit of 34377520?
7
What is the ten millions digit of 2182981005?
8
What is the hundred millions digit of 1874169910?
8
What is the hundred millions digit of 461308100?
4
What is the ten thousands digit of 201699259?
9
What is the hundreds digit of 53148808?
8
What is the hundred millions digit of 6662903238?
6
What is the ten thousands digit of 1797522650?
2
What is the ten millions digit of 281527227?
8
What is the units digit of 121409302?
2
What is the hundred millions digit of 280248913?
2
What is the units digit of 188661763?
3
What is the millions digit of 134833840?
4
What is the millions digit of 1566112358?
6
What is the thousands digit of 1212100597?
0
What is the thousands digit of 24524777?
4
What is the hundred millions digit of 321984577?
3
What is the tens digit of 861415626?
2
What is the thousands digit of 16442013?
2
What is the ten thousands digit of 62804885?
0
What is the thousands digit of 1031319475?
9
What is the millions digit of 13962813?
3
What is the hundred thousands digit of 37307720?
3
What is the units digit of 436400960?
0
What is the millions digit of 131001488?
1
What is the ten thousands digit of 89808384?
0
What is the hundred millions digit of 797208083?
7
What is the hundreds digit of 471698061?
0
What is the ten thousands digit of 293246393?
4
What is the thousands digit of 24703658?
3
What is the units digit of 836420015?
5
What is the hundred thousands digit of 425621852?
6
What is the hundreds digit of 2405457549?
5
What is the ten millions digit of 59468268?
5
What is the millions digit of 124137150?
4
What is the ten thousands digit of 109141823?
4
What is the hundreds digit of 63260027?
0
What is the hundreds digit of 195122838?
8
What is the millions digit of 88945604?
8
What is the ten millions digit of 45693082?
4
What is the tens digit of 752305391?
9
What is the hundred millions digit of 699627808?
6
What is the ten millions digit of 270144283?
7
What is the millions digit of 65630392?
5
What is the units digit of 1575803060?
0
What is the hundred thousands digit of 46539565?
5
What is the units digit of 37146844?
4
What is the units digit of 373901196?
6
What is the ten millions digit of 73911280?
7
What is the units digit of 441548359?
9
What is the hundred thousands digit of 14604105?
6
What is the tens digit of 1872395658?
5
What is the units digit of 22447529?
9
What is the millions digit of 862556726?
2
What is the tens digit of 150748618?
1
What is the ten thousands digit of 48457801?
5
What is the thousands digit of 68165076?
5
What is the hundreds digit of 4756285595?
5
What is the ten thousands digit of 523279870?
7
What is the thousands digit of 475455907?
5
What is the thousands digit of 2921365042?
5
What is the billions digit of 2129965714?
2
What is the hundred millions digit of 288812777?
2
What is the ten millions digit of 112617129?
1
What is the millions digit of 9299976?
9
What is the units digit of 21988391?
1
What is the ten millions digit of 273451362?
7
What is the hundreds digit of 178522986?
9
What is the hundred thousands digit of 3310354228?
3
What is the hundred millions digit of 112812215?
1
What is the millions digit of 181407951?
1
What is the millions digit of 67095875?
7
What is the ten millions digit of 25567672?
2
What is the hundred millions digit of 1159275327?
1
What is the millions digit of 1577617729?
7
What is the hundreds digit of 52639730?
7
What is the millions digit of 16110004?
6
What is the millions digit of 1167971201?
7
What is the ten millions digit of 4244027213?
4
What is the hundred thousands digit of 150062403?
0
What is the ten millions digit of 396645668?
9
What is the hundreds digit of 2693888645?
6
What is the ten thousands digit of 5988452468?
5
What is the hundred thousands digit of 401758670?
7
What is the thousands digit of 13102198?
2
What is the ten thousands digit of 72740086?
4
What is the millions digit of 932115373?
2
What is the units digit of 2282368722?
2
What is the billions digit of 1136779263?
1
What is the tens digit of 108702142?
4
What is the millions digit of 1029984338?
9
What is the thousands digit of 11434389?
4
What is the ten thousands digit of 650270202?
7
What is the hundreds digit of 3317750187?
1
What is the hundred millions digit of 864807897?
8
What is the hundreds digit of 1164285915?
9
What is the units digit of 6846787?
7
What is the thousands digit of 228254328?
4
What is the thousands digit of 3491142632?
2
What is the hundred millions digit of 462539206?
4
What is the ten millions digit of 301263692?
0
What is the hundred thousands digit of 164085919?
0
What is the ten millions digit of 81407199?
8
What is the thousands digit of 2257998492?
8
What is the ten millions digit of 2047686576?
4
What is the units digit of 40598141?
1
What is the ten millions digit of 1998442106?
9
What is the ten millions digit of 331060329?
3
What is the ten thousands digit of 154215677?
1
What is the tens digit of 705359924?
2
What is the hundred millions digit of 679170477?
6
What is the millions digit of 537365793?
7
What is the ten thousands digit of 282691175?
9
What is the hundreds digit of 161232482?
4
What is the ten millions digit of 3635414894?
3
What is the units digit of 24244511?
1
What is the millions digit of 793403981?
3
What is the tens digit of 55764521?
2
What is the hundred millions digit of 118200723?
1
What is the tens digit of 22461081?
8
What is the millions digit of 104716903?
4
What is the hundreds digit of 1769318063?
0
What is the ten thousands digit of 181501105?
0
What is the thousands digit of 4239908261?
8
What is the billions digit of 1193187685?
1
What is the millions digit of 51527631?
1
What is the hundred thousands digit of 1552943010?
9
What is the tens digit of 7465125?
2
What is the millions digit of 83432869?
3
What is the units digit of 200181166?
6
What is the thousands digit of 36133170?
3
What is the ten thousands digit of 52854633?
5
What is the units digit of 250391388?
8
What is the ten thousands digit of 4732246324?
4
What is the ten thousands digit of 112782174?
8
What is the tens digit of 44855603?
0
What is the tens digit of 3544083332?
3
What is the hundreds digit of 80335998?
9
What is the tens digit of 5342077707?
0
What is the millions digit of 104230084?
4
What is the tens digit of 98454657?
5
What is the hundred millions digit of 179072656?
1
What is the hundred thousands digit of 30953565?
9
What is the tens digit of 2554867021?
2
What is the ten thousands digit of 6702789?
0
What is the hundreds digit of 1152212037?
0
What is the thousands digit of 6288455842?
5
What is the millions digit of 210910207?
0
What is the ten millions digit of 6609957181?
0
What is the hundred thousands digit of 187443629?
4
What is the tens digit of 537322983?
8
What is the ten thousands digit of 270895707?
9
What is the hundreds digit of 238519328?
3
What is the mill